ctors of 5125911465?
3, 5, 8819, 38749
What are the prime factors of 319778107?
11, 71, 331, 1237
What are the prime factors of 68376517?
11, 6216047
List the prime factors of 1448071931.
1448071931
List the prime factors of 1687894591.
1687894591
List the prime factors of 158117138.
2, 79058569
What are the prime factors of 90626751?
3, 19, 529981
List the prime factors of 2301824328.
2, 3, 2963, 32369
List the prime factors of 388425267.
3, 41, 350881
What are the prime factors of 60172420?
2, 5, 7, 11, 41, 953
List the prime factors of 860163525.
3, 5, 13, 22621
List the prime factors of 423197575.
5, 17, 101, 9859
List the prime factors of 29007885.
3, 5, 1933859
List the prime factors of 61956217.
397, 156061
What are the prime factors of 77951756?
2, 19, 47, 139, 157
List the prime factors of 97507944.
2, 3, 139, 9743
List the prime factors of 344323019.
263, 577, 2269
What are the prime factors of 43269329?
43269329
What are the prime factors of 767353207?
3469, 221203
What are the prime factors of 1657376004?
2, 3, 19, 43, 71, 2381
List the prime factors of 156880464.
2, 3, 13, 71, 3541
What are the prime factors of 444053686?
2, 23, 419, 23039
List the prime factors of 960124425.
3, 5, 13, 43, 22901
What are the prime factors of 682387339?
43, 1237, 12829
What are the prime factors of 76133370?
2, 3, 5, 2537779
What are the prime factors of 65556790?
2, 5, 13, 38791
List the prime factors of 741029656.
2, 92628707
List the prime factors of 1340763612.
2, 3, 29, 557, 6917
List the prime factors of 1487591687.
67, 239, 92899
List the prime factors of 580129020.
2, 3, 5, 317, 3389
List the prime factors of 40073285.
5, 7, 1144951
What are the prime factors of 484170378?
2, 3, 23, 3508481
List the prime factors of 374438829.
3, 124812943
List the prime factors of 457071933.
3, 152357311
What are the prime factors of 10232998?
2, 29, 176431
What are the prime factors of 3505034453?
29, 120863257
What are the prime factors of 127989371?
43, 1031, 2887
List the prime factors of 639216538.
2, 197, 1622377
List the prime factors of 2914661843.
163, 17881361
What are the prime factors of 74179564?
2, 29, 22051
List the prime factors of 789952406.
2, 47, 149, 56401
What are the prime factors of 4754507253?
3, 151, 947, 11083
List the prime factors of 82377908.
2, 20594477
List the prime factors of 4402386.
2, 3, 131, 1867
List the prime factors of 51351526.
2, 17, 1510339
What are the prime factors of 2074160809?
7, 263, 1126649
What are the prime factors of 122264143?
137, 892439
List the prime factors of 362301150.
2, 3, 5, 907, 2663
List the prime factors of 212295785.
5, 13, 3266089
What are the prime factors of 1618357237?
7, 1861, 124231
List the prime factors of 30338937.
3, 3370993
What are the prime factors of 639788092?
2, 67, 2387269
What are the prime factors of 433748368?
2, 173, 349, 449
What are the prime factors of 1130032577?
37, 1009, 30269
What are the prime factors of 481385163?
3, 7, 3274729
What are the prime factors of 54421695?
3, 5, 157, 7703
List the prime factors of 98479098.
2, 3, 1823687
What are the prime factors of 24399443?
24399443
What are the prime factors of 147862415?
5, 29572483
List the prime factors of 137732783.
31, 4442993
List the prime factors of 878660739.
3, 11, 701, 1151
List the prime factors of 5741736924.
2, 3, 7, 11, 41, 151561
List the prime factors of 719969975.
5, 17, 353, 4799
What are the prime factors of 799684364?
2, 199921091
List the prime factors of 244187200.
2, 5, 152617
What are the prime factors of 1183461539?
13, 37, 53, 3571
List the prime factors of 973341063.
3, 19, 409, 4639
What are the prime factors of 43530102?
2, 3, 7, 11, 19, 29
What are the prime factors of 1244057904?
2, 3, 8639291
List the prime factors of 215140519.
11, 457, 42797
What are the prime factors of 1107099758?
2, 43, 47, 273899
What are the prime factors of 60634459?
60634459
List the prime factors of 462206708.
2, 59, 443, 4421
What are the prime factors of 1011633316?
2, 252908329
What are the prime factors of 1229165947?
1229165947
List the prime factors of 16373688.
2, 3, 682237
List the prime factors of 58923039.
3, 7, 400837
What are the prime factors of 109146478?
2, 7, 7796177
What are the prime factors of 2039854105?
5, 211, 1933511
List the prime factors of 35695261.
7, 1721, 2963
What are the prime factors of 1944161169?
3, 109, 139, 42773
List the prime factors of 402506823.
3, 7877, 17033
List the prime factors of 250547869.
11, 13, 751, 2333
What are the prime factors of 282120519?
3, 94040173
What are the prime factors of 75085839?
3, 37, 75161
List the prime factors of 351824545.
5, 6883, 10223
What are the prime factors of 49331369?
181, 272549
What are the prime factors of 277644?
2, 3, 17, 1361
What are the prime factors of 28645566?
2, 3, 4774261
What are the prime factors of 247545755?
5, 17, 2912303
List the prime factors of 21409833.
3, 7136611
List the prime factors of 165603886.
2, 7, 19, 622571
List the prime factors of 274542271.
274542271
What are the prime factors of 770429234?
2, 149, 2585333
List the prime factors of 53276479.
199, 267721
What are the prime factors of 34982814?
2, 3, 281, 20749
What are the prime factors of 2917451828?
2, 1091, 668527
What are the prime factors of 2564784140?
2, 5, 128239207
What are the prime factors of 169407592?
2, 269, 78721
What are the prime factors of 18911039?
7, 2701577
List the prime factors of 60697478.
2, 223, 136093
List the prime factors of 62182082.
2, 173, 179717
List the prime factors of 7740663.
3, 7, 83, 4441
What are the prime factors of 225820849?
181, 977, 1277
List the prime factors of 406065585.
3, 5, 157, 172427
List the prime factors of 142479576.
2, 3, 1978883
What are the prime factors of 1484384263?
67, 73, 303493
List the prime factors of 3534486759.
3, 14545213
What are the prime factors of 270871225?
5, 10834849
What are the prime factors of 130314437?
11, 11846767
What are the prime factors of 83688561?
3, 11, 31, 37, 67
What are the prime factors of 30243034?
2, 17, 889501
What are the prime factors of 12781021?
11, 31, 37, 1013
List the prime factors of 11456000.
2, 5, 179
What are the prime factors of 228329657?
228329657
What are the prime factors of 29118934?
2, 13, 1119959
List the prime factors of 240326149.
7, 23, 1492709
List the prime factors of 725219883.
3, 80579987
What are the prime factors of 1172217888?
2, 3, 4070201
What are the prime factors of 1528250783?
191, 911, 8783
What are the prime factors of 39242955?
3, 5, 293, 8929
What are the prime factors of 692145323?
692145323
List the prime factors of 423028854.
2, 3, 23501603
What are the prime factors of 2624316794?
2, 11, 5507, 21661
What are the prime factors of 51323825?
5, 7, 41897
What are the prime factors of 133997352?
2, 3, 97, 57559
What are the prime factors of 1665921688?
2, 208240211
What are the prime factors of 196377056?
2, 37, 61, 2719
What are the prime factors of 83796199?
23, 353, 10321
What are the prime factors of 1890830867?
1890830867
What are the prime factors of 41685368?
2, 191, 27281
List the prime factors of 109500034.
2, 7, 71, 110161
List the prime factors of 116662171.
101, 1155071
List the prime factors of 44306677.
44306677
What are the prime factors of 197494842?
2, 3, 1201, 27407
List the prime factors of 2750288014.
2, 1375144007
What are the prime factors of 85018223?
1889, 45007
List the prime factors of 124556223.
3, 11, 71, 53161
List the prime factors of 91306577.
2153, 42409
What are the prime factors of 36475033?
7, 23, 226553
List the prime factors of 57800062.
2, 61, 383, 1237
What are the prime factors of 1072464850?
2, 5, 21449297
List the prime factors of 466474665.
3, 5, 31098311
List the prime factors of 9229241473.
167, 1601, 34519
What are the prime factors of 2720845862?
2, 7, 107, 613, 2963
List the prime factors of 4259189083.
4259189083
List the prime factors of 452494474.
2, 17, 47, 283163
List the prime factors of 229415030.
2, 5, 13, 1764731
What are the prime factors of 65649496?
2, 11, 746017
List the prime factors of 25499224.
2, 71, 44893
What are the prime factors of 5121177315?
3, 5, 521, 655301
List the prime factors of 6584551016.
2, 1283, 641519
List the prime factors 